-2. Let j be (-2 - (h + -6)) + 0. What are the prime factors of ((-27)/(-6))/(j/4)?
3
Suppose -89 = -11*z + 923. List the prime factors of z.
2, 23
Suppose 175*q = -2*p + 179*q + 4882, 4*p + 3*q - 9819 = 0. What are the prime factors of p?
3, 19, 43
Suppose 11*h = 4*h + 1323. List the prime factors of h.
3, 7
Let n be (6/(-4))/(55/110) + 7. Let m(j) = 0 + 1 + 19*j - 2. What are the prime factors of m(n)?
3, 5
Let m = -699 - -1113. List the prime factors of m.
2, 3, 23
Suppose 0*t + 3*t - 15 = 0. Suppose 3*g = 59 - t. What are the prime factors of g?
2, 3
Suppose 0 = -4*f + 2262 - 302. Suppose 5*k + 0*b = -b + f, -306 = -3*k - 3*b. List the prime factors of k.
97
Let y be 2/3 - 703/(-57). Suppose 2724 = -f + y*f. List the prime factors of f.
227
Let j(y) = -y**3 + 5*y**2 - y + 4. Suppose 5*k + d = 19, 4*d = 5*k - 17 - 7. List the prime factors of j(k).
2
Let j(m) = 16 + 305*m - 599*m + 300*m. List the prime factors of j(6).
2, 13
Let w(d) = -14*d - 24. Let t be w(-4). What are the prime factors of 6/(((-3)/t)/(-3 - -2))?
2
Let c be (39/(-4))/((-1)/8). Suppose 0 = 3*z - 5*z - c. Let w = 76 + z. What are the prime factors of w?
37
Let a = -239 + 126. Let r = a - -223. List the prime factors of r.
2, 5, 11
Suppose d + 5*z = 1811, -3*d = 2*d - 3*z - 9139. List the prime factors of d.
2, 11, 83
Let t(r) = -r**2 + 12*r + 9. Let y be t(11). Let c = y - 17. Suppose -38 = -c*u + 4*q, 0 = -2*u - 2*q + 3*q + 17. List the prime factors of u.
2, 3
Let l(d) = -d**2 - 5*d - 4. Let v be l(-4). Let c = 4 - v. Suppose -3*t + 6*t - 5*f - 236 = 0, -c*t = -f - 292. List the prime factors of t.
2, 3
Suppose -3*a + 12 = 2*n, -7*n + 4*n = -a - 7. Let y(j) = 5*j**3 - 3*j**2 - j + 1. List the prime factors of y(n).
2, 53
Let g(q) = -q - 2. Let c be g(6). What are the prime factors of (-12)/c*6/(-9)*-91?
7, 13
What are the prime factors of 20702/33 + (-2)/6?
3, 11, 19
Suppose 3*r - 4*n - 853 = 0, -4*r + 1139 = n - 6*n. Suppose -43 = 4*k - r. What are the prime factors of k?
2, 31
Let x(g) = -5*g**3 - g**2 - g - 4. Let t be x(4). What are the prime factors of ((-46)/(-10) - 5) + t/(-10)?
2, 17
Let r(y) be the second derivative of 7*y**3/6 - 3*y**2 + 14*y. List the prime factors of r(4).
2, 11
Let k(d) = 3*d - 8. Let z be k(4). Let j(a) = 4*a**2 + 9. What are the prime factors of j(z)?
73
Let x(w) = w**2 - 5*w - 25. Suppose 6*r - 37 = 47. What are the prime factors of x(r)?
101
Suppose 4*q + 3*a = 1600, 4*q + 21*a - 16*a = 1592. What are the prime factors of q?
13, 31
Let t be 0 - ((-42)/15)/((-6)/(-30)). Let r(z) = z**3 - 13*z**2 - 9. List the prime factors of r(t).
11, 17
Let q = -9 + 12. Suppose -5*g + 29 = q*s - 1, -4*s - 18 = -3*g. Let f = -2 + g. What are the prime factors of f?
2
Let o(u) = u**3 + 9*u**2 - 10*u + 1. Let j be o(-10). Let s(a) = -25*a**3 - j + 0*a + 2*a - 4*a. List the prime factors of s(-1).
2, 13
Suppose 0 = 5*g - 15, 4*m = 5*g - g + 136. Suppose m = -21*r + 22*r. List the prime factors of r.
37
Let q(n) = 13*n**2 + 5*n + 4. Let t(w) = -w - 10. Let l be t(-8). List the prime factors of q(l).
2, 23
Let b(z) = z**3 + z**2 - 23*z + 84. What are the prime factors of b(14)?
2, 7, 193
Let j(u) = 51*u**2 + 21 - 18*u**2 - 19*u**2 - 11*u - u**3. List the prime factors of j(13).
47
Suppose 5*m = -21 + 226. Suppose -2*u - f + 64 + m = 0, 2*f + 161 = 3*u. Let n = u - -12. What are the prime factors of n?
5, 13
Suppose -75 = -188*q + 185*q. What are the prime factors of q?
5
Let x(o) = -63*o**3 + 2*o + 1. Let z = -20 + 19. Let i be x(z). Let n = -15 + i. List the prime factors of n.
47
Suppose 0 = 4*y, -672 = -2*h - 8*y + 4*y. Suppose 3*c = -0*c + 54. What are the prime factors of 6/4*h/c?
2, 7
Let g(n) = -n**3 - 2*n**2 - 6. Let t be g(-3). Suppose -8*d - 313 = -4*z - 11*d, -219 = -t*z + 3*d. What are the prime factors of z?
2, 19
Let n(m) be the third derivative of 347*m**6/120 + m**5/60 - m**4/12 + m**3/3 - 59*m**2. What are the prime factors of n(1)?
2, 3, 29
Let n(o) = -o**3 - o**2 + 87*o - 20. What are the prime factors of n(-18)?
2, 37, 53
Let a(b) = b**2 + b + 3. Let d(o) = -o + 14. Let n be d(9). Let j = n - 10. What are the prime factors of a(j)?
23
Let v = 1852 + -1110. List the prime factors of v.
2, 7, 53
Let y = 1 - -4. Suppose y*b - 342 = -b. List the prime factors of b.
3, 19
Let g = 2632 + -1596. What are the prime factors of g?
2, 7, 37
Let f = 1098 + -737. List the prime factors of f.
19
Let q = 1 + 6. Suppose -6*n - q = -13*n. What are the prime factors of 4/n - (-24 - -2)?
2, 13
Suppose -56 = -v - v. Suppose 5*k - 40 = -l, -2*k = -2*l + k + v. Let m = l - 5. What are the prime factors of m?
3, 5
Suppose -4436 = -10*j + 1314. List the prime factors of j.
5, 23
Suppose 4*q - 2500 - 760 = 0. What are the prime factors of q?
5, 163
What are the prime factors of -7 + (4 - (-2620 + 11))?
2, 1303
Let g = 7 - 55. Let n = g + 109. What are the prime factors of n?
61
Let v be 3/4 - (-450)/8. Let o(a) = -3*a. Let s be o(11). Let r = s + v. What are the prime factors of r?
2, 3
Let l = -681 + 1325. What are the prime factors of l?
2, 7, 23
Let j(h) = -7 + 2*h**2 - 15*h + 6*h - 2 - 9. Let m be j(-6). List the prime factors of m*((-3)/(-2))/3.
2, 3
Let h(a) = 205*a**2 - 12*a + 13. What are the prime factors of h(2)?
809
Let b = -150 + 80. Let h be (-101)/(-1) + (0 - 1). Let o = h + b. List the prime factors of o.
2, 3, 5
Let y be ((-6 - -3) + -1)*(-6)/4. What are the prime factors of 3024/10 - y/15?
2, 151
Let n be (6/(-4))/((-9)/12). List the prime factors of n/(-3)*(2 - 47).
2, 3, 5
Let v = 54 + 894. What are the prime factors of v?
2, 3, 79
Suppose 151 = 3*f - 5*r - 56, -5*f - 3*r + 379 = 0. List the prime factors of f.
2, 37
Suppose l + 2*y + 7 = 0, 16 = -5*l + 4*y - 5. Let s(j) = -j**2 - 3*j + 4. Let g be s(l). Let r = g + 25. What are the prime factors of r?
19
Let m(c) = -21*c**3 - 8*c**2 - 12*c + 3. What are the prime factors of m(-6)?
3, 11, 131
Suppose 12*g - 16 = 8*g. List the prime factors of ((-123)/(-6))/(g/8).
41
Let q(b) be the third derivative of b**7/144 - b**5/20 - 14*b**2. Let x(f) be the third derivative of q(f). What are the prime factors of x(1)?
5, 7
List the prime factors of 0 + (-8)/(-12) + 1249/3.
3, 139
Suppose 4*n - 3*n - 257 = -5*m, -2*m = -2*n - 98. Let g = m - -11. What are the prime factors of g?
2, 31
What are the prime factors of ((-21)/(-7))/(-3) - (3 + -600)?
2, 149
Let k be -30*3/12*-2. Suppose -6*h - 15 - k = 0. Let g(p) = -9*p - 7. What are the prime factors of g(h)?
2, 19
Let a(y) be the first derivative of -y**2/2 + 18*y + 1. Let d = 54 - 40. List the prime factors of a(d).
2
Suppose 24*t - 20*t = 304. What are the prime factors of -6 + t - 4/1?
2, 3, 11
Let r(m) = -2*m + 10. Suppose -4*c - 11 = 9. Let a be r(c). Let f = a - -10. List the prime factors of f.
2, 3, 5
Let d = 1052 + -274. What are the prime factors of d?
2, 389
Suppose x + 2 = 2*x - d, 2*x - 6 = 3*d. Suppose x*r + 43 = 4*s + 3*r, 0 = 3*s - r - 29. What are the prime factors of (-334)/(-10) + 6/s?
2, 17
Let v = 103 - -51. What are the prime factors of v?
2, 7, 11
Let k be 4/((-4)/141) + (11 - 9). Let z = k - -316. What are the prime factors of z?
3, 59
Let b(k) = -2*k**2 - 9*k + 4. Let t be (-2)/3 - (-26)/(-6). Let i be b(t). Let z = 20 + i. List the prime factors of z.
19
Let a be 96/20 + (-3)/(-15). Suppose 2*u + 1 = 4*c + 45, -5*u = a*c - 155. Let w = 40 + u. What are the prime factors of w?
2, 17
Let b(s) = s**2 + 10*s + 10. Let h be b(-8). Let k(y) = -y**2 - y + 1. Let c(j) = 4*j**2 + 5*j - 10. Let x(t) = h*k(t) - c(t). List the prime factors of x(3).
5
Let m(l) = 2*l**2 - 46*l - 6. List the prime factors of m(-7).
2, 3, 23
Suppose -3 + 25 = 11*g. Suppose g*w + 8*w = 600. What are the prime factors of w?
2, 3, 5
Let q(y) = -y**2 + 20*y - 3. Suppose 2*l = -0*l + f + 31, -2*l + 4*f + 46 = 0. What are the prime factors of q(l)?
2, 11
Suppose 8*s = 5*s + 117. Let m = -8 + s. List the prime factors of m.
31
Let b = -50 + 53. Suppose -49 = -b*y + 80. What are the prime factors of y?
43
Let j(x) be the third derivative of 0*x + 0*x**3 + 0 + 1/24*x**4 + 13/60*x**5 + x**2. List the prime factors of j(1).
2, 7
Let z = 130 + -213. Let t = 95 + z. What are the prime factors of t?
2, 3
Let y(w) be the third derivative of -8*w**2 + 1/8*w**4 + 0*w + 0 + 5/